{"id":390,"date":"2026-04-15T16:20:53","date_gmt":"2026-04-15T19:20:53","guid":{"rendered":"https:\/\/php8.spedtotal.com.br\/?page_id=390"},"modified":"2026-04-15T16:24:13","modified_gmt":"2026-04-15T19:24:13","slug":"sped","status":"publish","type":"page","link":"https:\/\/php8.spedtotal.com.br\/?page_id=390","title":{"rendered":"SPED"},"content":{"rendered":"\t\t<div data-elementor-type=\"wp-page\" data-elementor-id=\"390\" class=\"elementor elementor-390\" data-elementor-post-type=\"page\">\n\t\t\t\t<div class=\"elementor-element elementor-element-2db7f89 e-flex e-con-boxed e-con e-parent\" data-id=\"2db7f89\" data-element_type=\"container\" data-e-type=\"container\">\n\t\t\t\t\t<div class=\"e-con-inner\">\n\t\t\t\t<div class=\"elementor-element elementor-element-de4a61e elementor-widget elementor-widget-text-editor\" data-id=\"de4a61e\" data-element_type=\"widget\" data-e-type=\"widget\" data-widget_type=\"text-editor.default\">\n\t\t\t\t\t\t\t\t\t<h3 data-section-id=\"vmu2u9\" data-start=\"375\" data-end=\"426\"><span style=\"color: #800000;\">SPED (Sistema P\u00fablico de Escritura\u00e7\u00e3o Digital)<\/span><\/h3><p>\u00a0<\/p><h4 data-section-id=\"9gee16\" data-start=\"428\" data-end=\"496\"><span style=\"color: #800000;\"><strong>Gest\u00e3o e gera\u00e7\u00e3o de obriga\u00e7\u00f5es do SPED com integra\u00e7\u00e3o e automa\u00e7\u00e3o<\/strong><\/span><\/h4><h6 data-start=\"498\" data-end=\"672\">O <strong data-start=\"500\" data-end=\"513\">SpedTotal<\/strong> oferece uma solu\u00e7\u00e3o completa para <strong data-start=\"548\" data-end=\"609\">gera\u00e7\u00e3o, valida\u00e7\u00e3o e gerenciamento das obriga\u00e7\u00f5es do SPED<\/strong>, garantindo conformidade fiscal e integra\u00e7\u00e3o com sistemas ERP. A plataforma automatiza processos e facilita o envio de informa\u00e7\u00f5es fiscais exigidas pela legisla\u00e7\u00e3o brasileira, reduzindo erros e aumentando a efici\u00eancia operacional.<\/h6><p>\u00a0<\/p><h4 data-section-id=\"bu2xbo\" data-start=\"848\" data-end=\"880\"><span style=\"color: #800000;\"><strong>Seguran\u00e7a e confiabilidade<\/strong><\/span><\/h4><h6 data-start=\"882\" data-end=\"925\">Utilizar o SpedTotal \u00e9 extremamente seguro.<\/h6><h6 data-start=\"927\" data-end=\"1008\">O sistema utiliza tecnologias avan\u00e7adas para garantir a prote\u00e7\u00e3o das informa\u00e7\u00f5es:<\/h6><ul data-start=\"1010\" data-end=\"1236\"><li data-section-id=\"9r7os5\" data-start=\"1010\" data-end=\"1061\"><h6>Ambiente validado por certifica\u00e7\u00e3o de seguran\u00e7a<\/h6><\/li><li data-section-id=\"hq00yq\" data-start=\"1062\" data-end=\"1120\"><h6>Utiliza\u00e7\u00e3o de protocolo <strong data-start=\"1088\" data-end=\"1118\">SSL (Secure Sockets Layer)<\/strong><\/h6><\/li><li data-section-id=\"f7n4db\" data-start=\"1121\" data-end=\"1172\"><h6>Criptografia de todas as informa\u00e7\u00f5es trafegadas<\/h6><\/li><li data-section-id=\"6bq0co\" data-start=\"1173\" data-end=\"1236\"><h6>Comunica\u00e7\u00e3o segura entre ERP do cliente e ambiente em nuvem<\/h6><\/li><\/ul><h6 data-start=\"1238\" data-end=\"1329\">Isso garante que todas as transa\u00e7\u00f5es sejam realizadas em um ambiente protegido e confi\u00e1vel.<\/h6>\t\t\t\t\t\t\t\t<\/div>\n\t\t\t\t<div class=\"elementor-element elementor-element-4387c7d elementor-widget elementor-widget-image\" data-id=\"4387c7d\" data-element_type=\"widget\" data-e-type=\"widget\" data-widget_type=\"image.default\">\n\t\t\t\t\t\t\t\t\t\t\t\t\t\t\t<img fetchpriority=\"high\" decoding=\"async\" width=\"1919\" height=\"938\" src=\"https:\/\/php8.spedtotal.com.br\/wp-content\/uploads\/2026\/04\/SpedFiscal.webp\" class=\"attachment-full size-full wp-image-392\" alt=\"\" srcset=\"https:\/\/php8.spedtotal.com.br\/wp-content\/uploads\/2026\/04\/SpedFiscal.webp 1919w, https:\/\/php8.spedtotal.com.br\/wp-content\/uploads\/2026\/04\/SpedFiscal-300x147.webp 300w, https:\/\/php8.spedtotal.com.br\/wp-content\/uploads\/2026\/04\/SpedFiscal-1024x501.webp 1024w, https:\/\/php8.spedtotal.com.br\/wp-content\/uploads\/2026\/04\/SpedFiscal-768x375.webp 768w, https:\/\/php8.spedtotal.com.br\/wp-content\/uploads\/2026\/04\/SpedFiscal-1536x751.webp 1536w\" sizes=\"(max-width: 1919px) 100vw, 1919px\" \/>\t\t\t\t\t\t\t\t\t\t\t\t\t\t\t<\/div>\n\t\t\t\t\t<\/div>\n\t\t\t\t<\/div>\n\t\t<div class=\"elementor-element elementor-element-87a99a0 e-flex e-con-boxed e-con e-parent\" data-id=\"87a99a0\" data-element_type=\"container\" data-e-type=\"container\">\n\t\t\t\t\t<div class=\"e-con-inner\">\n\t\t\t\t<div class=\"elementor-element elementor-element-ded8bab elementor-widget elementor-widget-text-editor\" data-id=\"ded8bab\" data-element_type=\"widget\" data-e-type=\"widget\" data-widget_type=\"text-editor.default\">\n\t\t\t\t\t\t\t\t\t<h4 data-section-id=\"oedjo4\" data-start=\"1336\" data-end=\"1368\"><span style=\"color: #800000;\"><strong>Caracter\u00edsticas principais<\/strong><\/span><\/h4><h6 data-start=\"1370\" data-end=\"1437\">O SpedTotal oferece recursos que facilitam a integra\u00e7\u00e3o e opera\u00e7\u00e3o:<\/h6><ul data-start=\"1439\" data-end=\"1837\"><li data-section-id=\"zea26e\" data-start=\"1439\" data-end=\"1485\"><h6>Integra\u00e7\u00e3o r\u00e1pida com qualquer sistema ERP<\/h6><\/li><li data-section-id=\"ctxagj\" data-start=\"1486\" data-end=\"1573\"><h6>Compat\u00edvel com m\u00faltiplas linguagens: <strong data-start=\"1525\" data-end=\"1571\">Delphi, VB, Java, C#, Clipper, PHP, Python<\/strong><\/h6><\/li><li data-section-id=\"ihbk9p\" data-start=\"1574\" data-end=\"1631\"><h6>Comunica\u00e7\u00e3o via <strong data-start=\"1592\" data-end=\"1629\">Webservices ou componente Windows<\/strong><\/h6><\/li><li data-section-id=\"1l56yn7\" data-start=\"1632\" data-end=\"1685\"><h6>Valida\u00e7\u00e3o, assinatura e envio de XML para a SEFAZ<\/h6><\/li><li data-section-id=\"8jocrp\" data-start=\"1686\" data-end=\"1739\"><h6>Infraestrutura em <strong data-start=\"1706\" data-end=\"1737\">Cloud 24&#215;7 com conting\u00eancia<\/strong><\/h6><\/li><li data-section-id=\"1bphko4\" data-start=\"1740\" data-end=\"1780\"><h6>Baixo custo de integra\u00e7\u00e3o e opera\u00e7\u00e3o<\/h6><\/li><li data-section-id=\"1tx6vqj\" data-start=\"1781\" data-end=\"1837\"><h6>Atualiza\u00e7\u00f5es constantes conforme a legisla\u00e7\u00e3o fiscal<\/h6><\/li><\/ul><p>\u00a0<\/p><h4 data-section-id=\"1y986w4\" data-start=\"1844\" data-end=\"1874\"><span style=\"color: #800000;\"><strong>M\u00f3dulos SPED dispon\u00edveis<\/strong><\/span><\/h4><h6 data-start=\"1876\" data-end=\"1928\">O SpedTotal contempla os principais m\u00f3dulos do SPED:<\/h6><ul data-start=\"1930\" data-end=\"2000\"><li data-section-id=\"32nikv\" data-start=\"1930\" data-end=\"1968\"><h6><strong data-start=\"1932\" data-end=\"1966\">EFD-Contribui\u00e7\u00f5es (PIS\/COFINS)<\/strong><\/h6><\/li><li data-section-id=\"18r4rq5\" data-start=\"1969\" data-end=\"2000\"><h6><strong data-start=\"1971\" data-end=\"1998\">EFD Fiscal (ICMS e IPI)<\/strong><\/h6><\/li><\/ul><p>\u00a0<\/p><h4 data-section-id=\"6we8pe\" data-start=\"2007\" data-end=\"2043\"><strong><span style=\"color: #800000;\">Funcionalidades do m\u00f3dulo SPED<\/span><\/strong><\/h4><h6 data-start=\"2045\" data-end=\"2063\">A solu\u00e7\u00e3o permite:<\/h6><ul data-start=\"2065\" data-end=\"2305\"><li data-section-id=\"14v0s0o\" data-start=\"2065\" data-end=\"2150\"><h6>Consolida\u00e7\u00e3o das informa\u00e7\u00f5es para gera\u00e7\u00e3o do <strong data-start=\"2112\" data-end=\"2148\">EFD-Contribui\u00e7\u00f5es e EFD ICMS\/IPI<\/strong><\/h6><\/li><li data-section-id=\"1i3m43i\" data-start=\"2151\" data-end=\"2201\"><h6>Utiliza\u00e7\u00e3o da base de dados do m\u00f3dulo <strong data-start=\"2191\" data-end=\"2199\">NF-e<\/strong><\/h6><\/li><li data-section-id=\"q9svaw\" data-start=\"2202\" data-end=\"2252\"><h6>Armazenamento e hist\u00f3rico dos arquivos gerados<\/h6><\/li><li data-section-id=\"vkqlu8\" data-start=\"2253\" data-end=\"2305\"><h6>Parametriza\u00e7\u00e3o para diferentes situa\u00e7\u00f5es fiscais<\/h6><\/li><\/ul><p>\u00a0<\/p><h4 data-section-id=\"gk15\" data-start=\"2312\" data-end=\"2361\"><span style=\"color: #800000;\"><strong>Mais controle sobre suas obriga\u00e7\u00f5es fiscais<\/strong><\/span><\/h4><h6 data-start=\"2363\" data-end=\"2528\"><span style=\"color: #800000;\">Com o SpedTotal, sua empresa ganha mais controle sobre o cumprimento das obriga\u00e7\u00f5es do SPED, reduzindo riscos fiscais e garantindo maior organiza\u00e7\u00e3o das informa\u00e7\u00f5es.<\/span><\/h6>\t\t\t\t\t\t\t\t<\/div>\n\t\t\t\t\t<\/div>\n\t\t\t\t<\/div>\n\t\t\t\t<\/div>\n\t\t","protected":false},"excerpt":{"rendered":"<p>SPED (Sistema P\u00fablico de Escritura\u00e7\u00e3o Digital) \u00a0 Gest\u00e3o e gera\u00e7\u00e3o de obriga\u00e7\u00f5es do SPED com integra\u00e7\u00e3o e automa\u00e7\u00e3o O SpedTotal oferece uma solu\u00e7\u00e3o completa para gera\u00e7\u00e3o, valida\u00e7\u00e3o e gerenciamento das obriga\u00e7\u00f5es do SPED, garantindo conformidade fiscal e integra\u00e7\u00e3o com sistemas ERP. A plataforma automatiza processos e facilita o envio de informa\u00e7\u00f5es fiscais exigidas pela legisla\u00e7\u00e3o [&hellip;]<\/p>\n","protected":false},"author":2,"featured_media":0,"parent":0,"menu_order":0,"comment_status":"closed","ping_status":"closed","template":"","meta":{"footnotes":""},"class_list":["post-390","page","type-page","status-publish","hentry"],"_links":{"self":[{"href":"https:\/\/php8.spedtotal.com.br\/index.php?rest_route=\/wp\/v2\/pages\/390","targetHints":{"allow":["GET"]}}],"collection":[{"href":"https:\/\/php8.spedtotal.com.br\/index.php?rest_route=\/wp\/v2\/pages"}],"about":[{"href":"https:\/\/php8.spedtotal.com.br\/index.php?rest_route=\/wp\/v2\/types\/page"}],"author":[{"embeddable":true,"href":"https:\/\/php8.spedtotal.com.br\/index.php?rest_route=\/wp\/v2\/users\/2"}],"replies":[{"embeddable":true,"href":"https:\/\/php8.spedtotal.com.br\/index.php?rest_route=%2Fwp%2Fv2%2Fcomments&post=390"}],"version-history":[{"count":4,"href":"https:\/\/php8.spedtotal.com.br\/index.php?rest_route=\/wp\/v2\/pages\/390\/revisions"}],"predecessor-version":[{"id":395,"href":"https:\/\/php8.spedtotal.com.br\/index.php?rest_route=\/wp\/v2\/pages\/390\/revisions\/395"}],"wp:attachment":[{"href":"https:\/\/php8.spedtotal.com.br\/index.php?rest_route=%2Fwp%2Fv2%2Fmedia&parent=390"}],"curies":[{"name":"wp","href":"https:\/\/api.w.org\/{rel}","templated":true}]}}